{"id":31,"date":"2015-01-24T21:31:16","date_gmt":"2015-01-24T21:31:16","guid":{"rendered":"http:\/\/www.reginka.de\/?page_id=31"},"modified":"2016-01-21T20:08:40","modified_gmt":"2016-01-21T20:08:40","slug":"gehoelzschnitt","status":"publish","type":"page","link":"https:\/\/www.reginka.de\/?page_id=31","title":{"rendered":"Geh\u00f6lzschnitt"},"content":{"rendered":"<div class=\"fusion-one-half one_half fusion-layout-column fusion-column spacing-yes\"><div class=\"fusion-column-wrapper\">\n<h2 align=\"left\">Geh\u00f6lzschnitt<\/h2>\n<p align=\"left\">Das Schneiden ist sicher kein lebensnotwendiger Vorgang, wird uns doch von der Natur vor<br \/>\nAugen gef\u00fchrt, dass es auch ohne solche Eingriffe geht.<\/p>\n<p align=\"left\">Im Garten dagegen m\u00fcssen wir von Anfang an daf\u00fcr sorgen, dass die von uns gepflanzten B\u00e4ume und Str\u00e4ucher miteinander auskommen und sich dabei doch in der jeweils eigenen und charakteristischen Art entwickeln k\u00f6nnen.<\/p>\n<p align=\"left\"><strong>Wichtig ist dabei: der richtige Schnitt zur richtigen Zeit<\/strong><\/p>\n<p align=\"left\"><strong>Fachpersonal: Udo Blickensdorf-Reginka<\/strong><\/p>\n<p align=\"left\">2009: Ausbildung zum Fachwart f\u00fcr Obst und Garten, Baumwart- beim Landesverband f\u00fcr<br \/>\nObstbau-Garten und Landschaft Baden-W\u00fcrttemberg e.V.<\/p>\n<p align=\"left\">2015: gepr\u00fcfter und anerkannter Obstbaumpfleger<\/p>\n<\/div><\/div><div class=\"fusion-one-third one_third fusion-layout-column fusion-column last spacing-yes\"><div class=\"fusion-column-wrapper\">\n<h2 style=\"text-align: center;\">Kleine Bildergallerie<\/h2>\n<p style=\"text-align: center;\">Volle Gr\u00f6\u00dfe durch Klick auf ein Bild<\/p>\n<div class=\"images-carousel-container fusion-image-carousel lightbox-enabled picture-size-auto\"><div class=\"es-carousel-wrapper fusion-carousel-small\"><div class=\"es-carousel\"><ul><li><div class=\"image\"><a data-rel=\"prettyPhoto[gallery_image_1]\" href=\"https:\/\/www.reginka.de\/wp-content\/uploads\/2015\/01\/2015.12.23-Obstbaumpfleger-Pruefung-urkunde-web.jpg\" target=\"_self\"><img decoding=\"async\" src=\"https:\/\/www.reginka.de\/wp-content\/uploads\/2015\/01\/2015.12.23-Obstbaumpfleger-Pruefung-urkunde-web.jpg\" alt=\"\" \/><\/a><\/div><\/li><li><div class=\"image\"><a data-rel=\"prettyPhoto[gallery_image_1]\" href=\"https:\/\/www.reginka.de\/wp-content\/uploads\/2015\/01\/2015.12.23-Obstbaumpfleger-Pruefung-web.jpg\" target=\"_self\"><img decoding=\"async\" src=\"https:\/\/www.reginka.de\/wp-content\/uploads\/2015\/01\/2015.12.23-Obstbaumpfleger-Pruefung-web.jpg\" alt=\"\" \/><\/a><\/div><\/li><li><div class=\"image\"><a data-rel=\"prettyPhoto[gallery_image_1]\" href=\"https:\/\/www.reginka.de\/wp-content\/uploads\/2015\/01\/2015.12.23-Gruppenbild-Obstbaumpfleger-Zehnder-web.jpg\" target=\"_self\"><img decoding=\"async\" src=\"https:\/\/www.reginka.de\/wp-content\/uploads\/2015\/01\/2015.12.23-Gruppenbild-Obstbaumpfleger-Zehnder-web.jpg\" alt=\"\" \/><\/a><\/div><\/li><\/ul><\/div><div class=\"es-nav\"><span class=\"es-nav-prev\"><\/span><span class=\"es-nav-next\"><\/span><\/div><\/div><\/div><\/div><\/div><div class=\"fusion-clearfix\"><\/div>\n<p style=\"text-align: center;\">Eva Reginka\u00a0 &#8211; Vohlenstra\u00dfe 5 &#8211; 72351 Geislingen &#8211; Telefon (07433)23285 &#8211; reginka@reginka.de<\/p>\n\n","protected":false},"excerpt":{"rendered":"","protected":false},"author":1,"featured_media":0,"parent":0,"menu_order":0,"comment_status":"closed","ping_status":"closed","template":"","meta":{"footnotes":""},"class_list":["post-31","page","type-page","status-publish","hentry"],"_links":{"self":[{"href":"https:\/\/www.reginka.de\/index.php?rest_route=\/wp\/v2\/pages\/31","targetHints":{"allow":["GET"]}}],"collection":[{"href":"https:\/\/www.reginka.de\/index.php?rest_route=\/wp\/v2\/pages"}],"about":[{"href":"https:\/\/www.reginka.de\/index.php?rest_route=\/wp\/v2\/types\/page"}],"author":[{"embeddable":true,"href":"https:\/\/www.reginka.de\/index.php?rest_route=\/wp\/v2\/users\/1"}],"replies":[{"embeddable":true,"href":"https:\/\/www.reginka.de\/index.php?rest_route=%2Fwp%2Fv2%2Fcomments&post=31"}],"version-history":[{"count":21,"href":"https:\/\/www.reginka.de\/index.php?rest_route=\/wp\/v2\/pages\/31\/revisions"}],"predecessor-version":[{"id":547,"href":"https:\/\/www.reginka.de\/index.php?rest_route=\/wp\/v2\/pages\/31\/revisions\/547"}],"wp:attachment":[{"href":"https:\/\/www.reginka.de\/index.php?rest_route=%2Fwp%2Fv2%2Fmedia&parent=31"}],"curies":[{"name":"wp","href":"https:\/\/api.w.org\/{rel}","templated":true}]}}